3 - -1) + -2
2
2 - 0 - 0 - -2
4
Calculate (0 - 0) + 0 + 5 + 0.
5
7 + 4 + -2 + -1 + -4
4
Evaluate 11 + (2 - 1) - (-4 - -8).
8
Evaluate -3 + 3 - (-1 - -2 - 2).
1
(2 + -2 - 3) + -1
-4
What is 10 + -12 + (-3 - 0)?
-5
What is the value of 0 + -5 - (-9 - -7)?
-3
What is 0 - -1 - (2 + 3)?
-4
What is the value of -2 + 4 - (1 + 4)?
-3
What is the value of 1 + (-6 - -3) + (-3 - 0)?
-5
-14 + 6 - -11 - 5
-2
What is the value of -7 + -5 + 22 - 6?
4
-3 + 4 - (-7 + 4)
4
What is the value of -11 - -2 - 1 - (26 - 32)?
-4
Evaluate 8 - (10 + (-8 - -2)).
4
What is (-5 - -5) + -4 - -1?
-3
What is the value of (0 - -1) + (-6 - -7 - 4)?
-2
1 - 0 - (-33 - -36)
-2
Evaluate -8 - (-1 - 10) - (1 + -2).
4
What is -2 - -1 - 2 - (19 + -27)?
5
What is the value of -7 + 11 + (0 - 0)?
4
Evaluate -4 + 1 + (-17 - -15).
-5
What is the value of -5 + (1 - 3) + (8 - -2)?
3
-9 + 8 + -1 + 5
3
Calculate 0 + 1 + -1 + -2 - 1.
-3
Evaluate (1 - (-2 + 0 - 0)) + 1.
4
What is the value of 10 - (-3 - (-6 - 1))?
6
What is -17 - -19 - (0 - -4)?
-2
Calculate -13 - ((-8 - (7 - 6)) + 4).
-8
What is -7 + 3 + (-1 - (0 + -3))?
-2
2 + 1 + -3 + -2 - -3
1
-2 + (6 + -4 - -7)
7
Calculate 3 + (3 - 10) + 4.
0
What is the value of -57 + 56 - (1 + 1)?
-3
Calculate 10 + (-9 + 7 - 6).
2
What is the value of -1 + 1 + 8 + -4?
4
-10 + 3 - (-3 + 3 - 7)
0
What is the value of -4 + (3 - 0 - (6 - 8))?
1
Calculate 0 + 5 + -1 + 0.
4
Evaluate 1 + 6 + -4 + (4 - 4).
3
2 - 2 - (0 + (19 - 13))
-6
What is 5 + (-3 - (6 + 1 + -5))?
0
Evaluate 1 + 4 + -1 + (1 - 4).
1
-3 + (0 - 3) + 7
1
Evaluate (5 - (1 - 3 - -14)) + 3.
-4
Calculate 9 - 1 - 8 - 1.
-1
Evaluate 2 - -2 - (18 + -19).
5
(-5 + -1 - -1) + 8
3
Evaluate -8 + 7 - (1 - 0).
-2
-8 + 3 + -3 + 5 + 1
-2
What is -6 - (-10 + (0 - 1))?
5
What is -2 + (2 - 1) - (-5 - -6)?
-2
Evaluate -6 + 11 - (2 - (0 - -2)).
5
What is (-1 - -3) + (-20 - -14)?
-4
2 + -1 - (6 + 1 + -5)
-1
Calculate (-2 - (3 - 4)) + -4.
-5
What is the value of -3 - (1 - (-4 - -5))?
-3
What is 6 - (-5 + (22 - 11))?
0
Calculate -3 + 0 - (-54 - -52).
-1
What is the value of -4 + 9 + -6 - (-3 - -1)?
1
Evaluate -2 + (3 + -3 - (1 - 3)).
0
What is 8 + -4 - (-2 - (-3 - 0))?
3
What is the value of -8 + (0 - -5) + 6?
3
What is the value of 5 + -6 + 8 - 5?
2
What is the value of (-1 - 1) + (-5 - -10) + -2?
1
7 + -16 - (1 + -9)
-1
What is the value of -5 - (-6 + (0 + -2 - -4))?
-1
5 - -4 - (2 - -1)
6
Calculate -12 - (-10 + 4 - 1).
-5
What is 1 + -4 - (16 - 15)?
-4
Calculate 0 + (-2 - (-1 - -2)).
-3
What is the value of -5 - (8 - 5) - -5?
-3
What is 2 + (-29 + 33 - (13 + 0))?
-7
What is the value of -9 + 1 + 11 + -3?
0
Evaluate 1 - (0 - 8 - -10).
-1
What is the value of 11 - (-1 + -10 - -28)?
-6
Evaluate -8 + 9 + (0 - 8).
-7
Evaluate (5 - ((1 - -11) + -5)) + -4.
-6
Evaluate 0 + (2 - (-3 + 3 - -3)).
-1
What is 13 + -5 + -10 + (-1 - 1)?
-4
Calculate 3 - (5 + -5) - 1.
2
What is the value of 8 + -6 - (4 - 2) - -3?
3
Evaluate (-5 + -7 - (-2 + -2)) + 3.
-5
Calculate -11 - (-10 + (-14 - -13)).
0
11 + 1 + (-41 - -24)
-5
Calculate 3 + -3 + 2 - (1 - 2).
3
Calculate -9 - ((-2 - -8) + -11 + 2).
-6
Evaluate -3 + (4 - (7 - 4)).
-2
What is the value of (-4 - -4 - -6) + -1?
5
What is the value of (5 - 5) + -9 - -16?
7
Calculate 4 + 1 + (-10 - -5 - -5).
5
What is the value of (0 - (-1 + -1)) + -54 + 47?
-5
What is -3 + (-3 - 0) + -7 + 8?
-5
Evaluate 7 + (6 - (0 - -10)).
3
Calculate (-3 - 0) + -2 - -3.
-2
Calculate (-1 - 11) + 8 - -3 - -1.
0
What is the value of 4 + (-1 - -2) - 2 - 1?
2
Calculate -1 + -1 - 1 - (10 + -15).
2
Calculate (-2 + 2 + 4 - 2) + 2.
4
What is -3 + (5 - ((-5 - -7) + -2))?
2
Calculate (9 + -6 - 0) + -3.
0
What is the value of (10 - (-1 - -11)) + 2 + -7?
-5
What is (-2 - 1) + (-6 - -4)?
-5
2 + (-3 - (2 - 2 - 3))
2
What is the value of (4 - 1) + -56 + 58?
5
Evaluate 1 - (-4 + 7 + -2).
0
Calculate -3 - -2 - (10 - (4 - -1)).
-6
What is the value of (-4 - -7 - 4) + -1 - 4?
-6
Evaluate 4 + 3 - 1 - 4.
2
Evaluate 9 + -3 + -7 + 5.
4
Evaluate (-2 - 1) + (11 - 8 - -2).
2
Evaluate 8 + -6 + -4 - (-1 - 3).
2
What is (2 - -1) + -11 + (-10 - -14)?
-4
Evaluate 5 + -11 + -8 - -6.
-8
Calculate (-2 - (-2 - 2)) + 3.
5
2 - 0 - (3 - 8)
7
Calculate (2 - -7) + -9 + (4 - -2).
6
Calculate -1 - -1 - (-1 + 0 + -4).
5
-4 - (-4 + 6) - -10
4
What is -10 + -14 + (33 - 10)?
-1
Calculate (1 - (3 + 0)) + 1 + 3.
2
What is the value of 0 - 0 - 2 - (-34 + 31)?
1
What is the value of -8 + 0 + 12 + -7?
-3
Evaluate 35 - 28 - (1 - -1).
5
Calculate -5 - 1 - (82 - 87).
-1
What is the value of (4 + (5 - 5) - 12) + 5?
-3
Evaluate -15 + 10 - (0 + 2 + 1).
-8
3 + -2 + 3 + -1 + -7
-4
Evaluate 2 - (1 + -1) - (-9 + 6).
5
What is -39 + 50 - (1 + 8)?
2
Evaluate 2 - (2 - -3 - (1 - 3)).
-5
(1 - -2 - 7) + 6
2
What is 4 + -4 + (4 - 4)?
0
What is the value of (2 - (-11 + 5)) + 2 + -6?
4
What is the value of (-3 - (1 + -3 + 2)) + -2?
-5
What is the value of -3 + 0 + (-3 + 6 - 4)?
-4
What is 34 + -16 - (20 + -7)?
5
What is 4 + (7 + 3 - 17)?
-3
Calculate -3 + -3 + 9 + -3.
0
What is the value of -1 + 2 - (15 - 7 - 5)?
-2
What is the value of (-5 - (5 - 7)) + 7 + 1?
5
What is the value of -6 + (4 - -3) + -4?
-3
What is (13 - 15) + (-1 - 2)?
-5
What is 1 - -6 - (78 + -68)?
-3
What is the value of -1 - -2 - (-26 + 28)?
-1
3 + -1 - (1 + 0 - -2)
-1
What is the value of ((3 - -4) + -5 - 2) + -1?
-1
What is 2 + 4 + (-16 - -4) + 1?
-5
(10 - -1) + -4 + -13
-6
What is (-44 - -49) + (0 - 3)?
2
Evaluate (0 + 1 - (-12 + 14)) + 4.
3
What is the value of -8 - ((-12 - 5) + -7) - 6?
10
Evaluate -8 + 8 - (0 - 3).
3
-9 - -8 - -16 - 8
7
Calculate 5 - (2 + 0 + 1).
2
62 + -66 - (-7 - -1)
2
Evaluate (0 - -4) + -5 + 3.
2
5 + -2 + 0 - -2
5
(-1 - -5) + (8 - 12 - -2)
2
-10 + 0 + (10 - 5)
-5
What is (21 - 14) + (-3 - 0) - 5?
-1
Evaluate (-15 + 8 - 4) + 2.
-9
What is (3 - (0 + 3) - -1) + -4?
-3
Calculate -2 + (-6 + 16 - 7 - 4).
-3
What is the value of -80 - -79 - (0 - 9)?
8
What is 2 + 4 + (2 - (2 - -4))?
2
16 - (22 - (-11 - -24))
7
Calculate 7 + (-7 - (-1 - 1)).
2
What is (-13 - -6 - -12) + -6?
-1
What is the value of -3 + (9 - 3 - 2)?
1
Calculate -5 - (-2 + -5 + 1).
1
What is the value of -6 - (5 - 10) - (2 + -2)?
-1
-7 - (2 + -7) - -6
4
Evaluate (4 + -4 - 2) + 1.
-1
Calculate 0 - 3 - (-18 + 15).
0
-3 + (0 - (-9 - -14))
-8
-2 - (-3 + -2 + 4 - 4)
3
What is (2 + -5 - 1) + (4 - 3)?
-3
Calculate (2 - -1 - (27 - 28)) + -3.
1
(0 - (-4 - -9)) + 0
-5
Evaluate (4 - 4 - -3 - 1) + -4.
-2
What is -6 - (1 + 3 - (-11 - -29))?
8
Calculate 7 + -4 - -1 - 3.
1
What is the value of 1 - (-8 + 13) - (-9 - -1)?
4
Calculate 7 - 4 - (1 - 1 - -3).
0
What is -10 + 1 + (-24 - -33)?
0
Calculate -2 - -1 - (1 + 5 - 9).
2
Calculate 2 - 5 - (-1 + -2 + 1).
-1
Calculate 3 - 4 - 0 - 4.
-5
What is (-15 - 1 - -2) + (11 - 4)?
-7
What is the value of 2 + 8 + (12 - 22)?
0
What is (2 - 0) + (-14 - -11)?
-1
Calculate 5 - (-2 + 4 - -1).
2
-1 + -3 + (-13 - -13)
-4
Calculate -4 + (2 - (-3 + 2 + -1)).
0
Calculate 4 + -5 + 1 + 4.
4
Calculate -12 + (13 - 6) + (0 - -3).
-2
What is 4 + -7 + 3 + -2 + 3?
1
Evaluate 1 + 3 + -9 + 4.
-1
What is the value of (-11 - 6 - -13) + (-2 - 1)?
-7
Evaluate -1 + 7 - (20 - 11).
-3
What is -8 - (0 + -4) - 2?
-6
What is the value of -5 - (-11 + 16 - (4 - -1))?
-5
What is 5 - (-10 + 9 - -4)?
2
Calculate 5 + 1 + (-1 - 5).
0
What is 9 + -4 + 3 + -14?
-6
What is the value of 3 - (-7 - -5) - 1 - 0?
4
5 - (6 - (2 - -1 - 4))
-2
(9 - (-5 + 7)) + -12
-5
Evaluate (4 - (-12 - -8)) + -4.
4
Evaluate -1 - 2 - (-9 + 0 - -3).
3
10 + -18 + 10 + 2
4
Calculate -2 + -5 - 1 - (6 - 9).
-5
Evaluate (0 - 2) + -2 + 10 + -3.
3
What is the value of 8 - 0 - 1 - (10 + -1)?
-2
Calculate -1 + 4 + -1 + 0 + 0.
2
Calculate 1 + 2 - (-6 - -13).
-4
Evaluate 3 - ((-2 - -2) + -2).
5
What is the value of 2 + -2 + (-2 - 3)?
-5
Calculate -13 + 11 - (-1 + 4).
-5
Evaluate 1 - (7 + -7 + 0 - -1).
0
What is the value of 147 - 153 - (0 + 0)?
-6
What is (-7 - -1) + 1 - (-1 - 2)?
-2
What is the value of 3 + -2 + 0 - (2 - 0)?
-1
Evaluate 3 - -2 - (-1 + (5 - 4)).
5
Evaluate 0 + 0 + -3 + 4 + 2.
3
Evaluate (-14 - -9 - -2) + 9.
6
32 + -29 - (-1 - -3)
1
1 + 1 - (86 + -83)
-1
Evaluate 0 - 5 - (-18 - -12 - -5).
-4
4 - (-1 + 2 - 0 - -3)
0
(6 - (3 - 6)) + -16
-7
2 + (-4 - 0) - 1
-3
Calculate -2 + (8 - ((-1 - -2) + 1)).
4
5 + 4 + (-11 - -7)
5
Evaluate 2 - 6 - (-1 + -5 + -2).
4
-2 - (1 + -5 